f 525 and g?
21
Let g be -3*(17 - 2)/(5*3/(-75)). What is the greatest common divisor of g and 155?
5
Suppose 2*i - 4*q + q = -15, 0 = -2*q + 10. Let s be i - 1 - (-95 - (1 - 7)). Suppose -53 + 9 = -4*k. Calculate the highest common factor of k and s.
11
Let g = 842 + -802. Let i = 13 - 11. Let f(j) = 5*j. Let l be f(i). Calculate the highest common divisor of l and g.
10
Suppose 0 = d - 5*u - 38, 9*u - 40 = -d + 12*u. Let v be ((-32)/3)/(-2 + 1799/903). Calculate the greatest common factor of v and d.
43
Let c = 225 - 78. Let t = 2602 - 2357. What is the highest common divisor of t and c?
49
Let k(u) = -5*u - 29. Let f be k(-4). Let r be 12/(-2 + 2 + f/(-168)). Calculate the greatest common factor of 32 and r.
32
Let u = 24 - 14. Suppose 0 = 4*y - 5*d - 1955, -5*y + 1465 = -2*y - 5*d. What is the highest common factor of u and y?
10
Suppose 5*p = 4*i - 2*i + 69, 2*i = 3*p - 71. Let m = i - -37. Suppose 3*s - 2*z = -27 + 80, m = 4*s - 5*z - 73. What is the highest common factor of 85 and s?
17
Let c = 2951 - -2595. Calculate the greatest common divisor of 376 and c.
94
Let y(s) = -847*s + 8792. Let c be y(10). What is the highest common factor of c and 1127?
161
Suppose -13*v + v - 12*v = -24408. Calculate the highest common divisor of v and 27.
9
Let u(k) = 278*k - 23. Let j be u(3). Let x = -646 + j. Calculate the greatest common factor of 30 and x.
15
Let u = -1052 + 561. Let i = u + 500. What is the greatest common factor of 333 and i?
9
Suppose -19*s + 43*s = 3432. What is the highest common divisor of s and 598?
13
Suppose -n - 88 = 4*f, -9*n - 264 = -6*n - f. Let v = 106 + n. What is the highest common divisor of v and 72?
18
Suppose -2*n = y - 81 - 51, -n = 2*y - 249. Calculate the highest common factor of 5307 and y.
61
Suppose 32 = 4*z + 24. Let o = 3 - z. Suppose 0 = 6*v - 2*v + 2*c - 10, 3*v - 20 = c. What is the greatest common factor of o and v?
1
Suppose 7 = 2*j - 9. Suppose -376 = 35*z - 5871. Suppose 159*b = z*b + 80. Calculate the greatest common divisor of j and b.
8
Suppose 4 = -4*p, -70 = 2*y + 4*p - 842. Let r = y - 230. Suppose -5*v = -4*m + 129, -5*m - 2*v + r = 38. What is the greatest common factor of 26 and m?
26
Suppose 48 = -323*y + 161*y + 164*y. Calculate the greatest common divisor of y and 424.
8
Suppose 22*x + 17819 = 28277 + 31870. Calculate the greatest common divisor of 52 and x.
52
Let v = 16 - 48. Let z = 59 - v. Suppose o = -3, -z = -5*b + b + 5*o. Calculate the highest common divisor of 57 and b.
19
Suppose 2*p - 3*d - 2*d = 219, -4*p = -d - 429. Let i = p - 83. Calculate the highest common factor of 32 and i.
8
Let r(n) = -12*n - 350. Let c(b) = -7*b - 175. Let k(f) = 13*c(f) - 6*r(f). Let s be k(-40). Calculate the greatest common factor of 90 and s.
45
Suppose -3*x + 14 + 7 = 0. Suppose 2*h - 2 = 4*h, 0 = 4*a + 2*h + 2. Suppose 4*m - 80 = -4*u, a*u = 3*u + 3. Calculate the greatest common factor of x and m.
7
Let r(t) = 2*t**3 - 6*t**2 - t + 7. Let i be r(4). Suppose 0 = d + 3*o - 133 + i, -5*o = -4*d + 426. Calculate the highest common divisor of d and 13.
13
Let n = 181 + -90. Suppose -33 + 8 = -5*v, -4*u + n = -v. What is the highest common factor of 36 and u?
12
Let o be (-1225)/(-20) - 12/(-16). Suppose -l - l = 0. Suppose 3*x + 2*a - 4*a - 194 = l, -x + 2*a = -o. What is the greatest common divisor of 44 and x?
22
Let q be 2 + 1 + (-4 - (-1 + 0)). Suppose -19*d + 23*d - 2108 = q. What is the highest common divisor of 34 and d?
17
Let v(y) = 4*y**2 + 101*y + 25. Let p be v(-25). Suppose p = 39*a + 3 - 705. Calculate the highest common factor of a and 2.
2
Suppose -v - 5*p + 105 = 21, 66 = v - p. Suppose 5*f - 42 = 4*h + 81, 2*h - 5*f = -v. Let o = -13 - h. What is the greatest common divisor of o and 28?
14
Suppose 69 = -3*k + m + 372, -4*k = 9*m - 373. What is the greatest common divisor of 340 and k?
20
Let k = -519 + 519. Suppose k = 17*o - 16 - 460. Calculate the greatest common factor of 28 and o.
28
Let b be 3 + 1/(-5) + (-16)/20 + 25. Calculate the greatest common divisor of 699 and b.
3
Suppose -6*a - 8 = -2*a + 4*c, 4*a = 4*c. Let q be (-45 + a)/(-2) + (-5 - -7). What is the highest common divisor of q and 100?
25
Suppose 104 + 20 = 4*d. Suppose -d*c = 3*c - 1156. What is the highest common factor of c and 323?
17
Let u be -20*((-385)/60 + 2/3). Let t = u + -105. What is the greatest common factor of t and 230?
10
Suppose -5*a = -2*a + 12. Let s(w) = -25*w - 1. Let n be s(a). Let z be ((54/(-15))/(-6))/(1/15). Calculate the greatest common factor of z and n.
9
Let t = 1892 + -1814. Suppose -5*f - 4*x = -f + 4, 5*x + 5 = 3*f. Suppose f*q - q + 6 = 0. Calculate the greatest common divisor of t and q.
6
Let c be (2/(-3))/(201/(-17487)). Calculate the greatest common factor of c and 5829.
29
Let l be (290/25)/((-80)/(-75) - 1). Let s = -56 - 34. Let u = l + s. Calculate the greatest common divisor of u and 21.
21
Let o = -9025 + 14051. Calculate the highest common divisor of o and 42.
14
Suppose 3*a + b - 18902 = 0, -5*b - 31496 = -5*a - 3*b. What is the highest common factor of a and 20?
20
Suppose -25900 = 517*h - 1035*h. Let u be 4*74/4 + 1. What is the greatest common factor of u and h?
25
Let h(q) = 11*q**2 + 4*q - 5. Let y be h(-7). Suppose -5*v - 124*b = -121*b - 439, 2*v - 156 = -4*b. Calculate the greatest common factor of y and v.
46
Let g(u) = 29*u - 145. Let r be g(5). Suppose 9*p + 3*b = 8*p + 419, 2*p - 2*b - 830 = r. Calculate the highest common factor of p and 32.
32
Let p(q) = 3*q**3 - 574*q**2 + 243*q - 746. Let u be p(191). Calculate the highest common divisor of u and 18.
6
Let y(c) = -13*c. Let o be y(-3). Let r be 343 + 75/9 + (-102)/306. Calculate the greatest common divisor of r and o.
39
Suppose -2*q + 4*q - 5*z - 561 = 0, 3*z - 1418 = -5*q. Let v = -263 + 461. Let f = q - v. Calculate the highest common factor of f and 68.
17
Let n = 9 - 6. Let w = 1612 - 1599. Suppose 2*d - w = -z, d = z + n + 8. What is the greatest common factor of d and 2?
2
Let k(t) be the third derivative of t**5/60 - t**4/6 + 5*t**3/2 + 48*t**2. Let a be k(7). What is the greatest common divisor of a and 18?
18
Let v(l) = -l**3 + 12*l**2 + 3*l - 77. Let z be v(7). What is the greatest common factor of z and 336?
21
Suppose -p - 2 = -138. Let c = 16 - 11. Suppose p = -c*i + 9*i. Calculate the highest common divisor of 136 and i.
34
Let a(m) = -m**3 - 33*m**2 - 4*m + 966. Let x be a(-32). Calculate the highest common factor of 40 and x.
10
Suppose -2*l = -183 + 29. Let o(c) = -1349*c - 12130. Let m be o(-9). What is the highest common factor of m and l?
11
Suppose -680 = 4*w - g, -3*w - 5*g = 327 + 183. Let m = 197 + w. Suppose 3*z + 0 - 27 = 0. What is the greatest common divisor of z and m?
9
Suppose t + 73 = 4*y, -2*t = 4*y - 6*y + 44. Let f = y + -17. Let o be -1*(f + 2) + 310. Calculate the greatest common factor of o and 44.
44
Let x = -2476 - -12331. Calculate the highest common divisor of 90 and x.
45
Suppose 0 = -5*q + 2*n + 1460, 4*n + 172 = 2*q - 428. Calculate the greatest common divisor of q and 58.
58
Let c(v) be the first derivative of -101*v**2/2 - 145*v + 6. Let i be c(-8). Calculate the greatest common factor of i and 39.
39
Let n be (-7 + ((-8625)/30)/(-25))*4/6. Calculate the highest common factor of n and 114.
3
Suppose 5*a = 2*h - 119, 3*a + 0*a - 220 = -5*h. Let t = 45 - h. Let u(g) = 24*g**2 + 2*g + 1. Let y be u(t). What is the highest common factor of 31 and y?
31
Let z(r) = -50*r**2 - 9*r + 4. Let p be z(2). Let s = 521 - p. What is the highest common factor of 15 and s?
15
Suppose 3*d - 5*x - 51 = 74, -d + 87 = 4*x. Calculate the greatest common factor of 225 and d.
5
Let u be ((-4)/5)/(14/(-35)). Let j be 1/u + (-15)/(-10). Suppose 8 = -20*r + 21*r. What is the greatest common factor of r and j?
2
Suppose 24*j = 26*j - 30. Let z(u) = 7*u - 91. Let n be z(j). Calculate the highest common divisor of n and 7.
7
Let c be ((-36)/27)/((-6)/63). Suppose -9*v = -112 - c. Let l = v - -5. Calculate the greatest common divisor of l and 95.
19
Suppose -1664 = 29*s - 3*s. Let j be ((-21)/(-14))/((-6)/s). Let u be 0*(-1)/1 - -2. What is the greatest common factor of j and u?
2
Let c be 16/3 + -5 - (-4)/(-3). Let n(r) = -r**3 + r**2. Let g be n(c). Suppose g*v + 96 = 6*v. Ca